ve of -h**5/20 + h**4/2 - 2*h**3/3 + h**2/2 + 3*h. Calculate r(t).
16
Let b(o) = -33*o + 27. Let m(i) = -25*i + 25. Let t(z) = -3*b(z) + 4*m(z). What is t(0)?
19
Suppose 69*k + 836 = 113*k. Let d(m) = m**2 - 9*m - 171. Determine d(k).
19
Let q be 7/((-70)/(-8)) - 196/20. Let t be -5 + (q - -10) - -3. Let r(i) = -8*i - 6. Give r(t).
2
Let y(b) be the third derivative of b**4/12 + 20*b**3/3 - b**2 - 530. Give y(-3).
34
Let v = 5602 + -5600. Let l(t) be the first derivative of 3*t + 4*t**v - 1/4*t**4 + 1 - t**3. Calculate l(-5).
13
Let h(a) = 31 + 29 + 29 - 114 + a + 28. Suppose 4 = -m - 2*x, 0*m - 2*m - 3*x = 6. Calculate h(m).
3
Let h(k) = k - 7. Let b be h(4). Suppose 0 = -3*l - 46 + 73. Let a(p) = -l + 7 + 2*p + 13*p**2 - 11*p**2. What is a(b)?
10
Suppose 4*z + 140 = 380. Suppose -30 = 6*v - z. Let d(i) = i**3 - 7*i**2 + 5*i + 1. Calculate d(v).
-24
Let m be 1*2/(-2) - -1. Let s(h) = 7*h + 1. Let z be (-33)/27*-3*(3 + 0). Let n(c) = -13*c - 1. Let f(l) = z*s(l) + 6*n(l). Determine f(m).
5
Let y(t) = 2*t**2 - t. Let f(m) = m + 3. Let z be f(0). Let c be 1/((-8)/(-12))*120/45. Suppose z*u + c*u - 7 = 0. What is y(u)?
1
Let f(y) = 3*y. Let u = -593 - -307. Let p be u/(-33) + 2/6. Suppose 3*n + p + 3 = 0. Determine f(n).
-12
Let r(u) = 2*u**2 + 6*u + 2. Let b = -114 + 160. Suppose b - 6 = -8*k. Determine r(k).
22
Let k(r) = -r**2 - r + 1. Let t(s) = s**3 - s**2 - 11*s + 2. Let j(p) = -5*k(p) + t(p). Suppose 4 = -4*c - 2*x, 5*x - 7 - 31 = 2*c. What is j(c)?
21
Let h = 2 + -1. Suppose 19 = 2*u + h. Let q(m) be the second derivative of -m**4/12 + 4*m**3/3 + 3*m**2/2 + 81*m. Give q(u).
-6
Let r(l) = -33*l + 45. Let p(w) = -18*w + 24. Let z(f) = 15*p(f) - 8*r(f). Let j(b) = -b - 4. Let v be j(-7). Let u = v + -4. Give z(u).
6
Let a(m) be the first derivative of m**4/4 + 5*m**3/3 - 5*m**2 - 8*m + 94. Let d(k) = k**3 + 12*k**2 + 12*k + 5. Let n be d(-11). Give a(n).
16
Let k(t) = -t**3 - 4*t**2 - 14*t - 50. Let x be k(-6). Let u(p) = -p**3 + 5*p - x + 0*p**3 + 101 - 3*p**2 - 2*p. Calculate u(-4).
-1
Let x(b) = b**3 + 9 + 0*b**3 - b**2 + b**2 - 8*b**2 + 5*b. Suppose 2*r = -2*c + 74, -3*r - 38 = 2*c - 151. Suppose -5*z + r - 4 = 0. What is x(z)?
-5
Let h(c) = -22*c + 69. Let k = 3422 + -3419. Determine h(k).
3
Let x be (54/(-8))/(-3*(-9)/(-72)). Suppose -x*h = -54 + 18. Let j(q) be the second derivative of q**3 - 3*q**2/2 + q. Calculate j(h).
9
Let h(t) be the first derivative of -t**4/4 + 7*t**3/3 - t**2/2 + 6*t + 2. Suppose 243*i - 4 = 247*i. Let a be ((-13)/(-13))/(i - 24/(-21)). Determine h(a).
-1
Let b(s) = -2*s - 1. Let q be (1 - 1)/(2/1). Suppose -43*g = -509 + 122. Suppose q = -g*w - 8 - 10. Calculate b(w).
3
Suppose 400 = -42*z + 22*z. Let a be (12/z + 0)/(2/10). Let h(o) = -5*o + 1. Calculate h(a).
16
Suppose -1065*h + 538*h + 533*h = -42. Let s(l) = -36*l - 248. Give s(h).
4
Let q(m) = -m + 6. Suppose 4*l + 4*a = 3*l - 1, 20 = 5*l - 5*a. Suppose 0 = c + l*c - 3*b - 17, -2*b = 2*c - 26. Calculate q(c).
-2
Let l(c) be the third derivative of -c**4/8 - 8*c**3 + 4773*c**2. Give l(-20).
12
Let r(s) = 2*s**2 - s**2 - 38 - 53 - 9*s + 146 - 46. Give r(8).
1
Let y(b) = -7*b**2 - 179*b - 696. Let f(w) = 10*w**2 + 256*w + 994. Let j(p) = 16*f(p) + 23*y(p). What is j(-13)?
0
Let t(b) = -21*b**2 - 13*b - 2. Let p(g) = -30*g**2 - 10*g - 3. Let x(j) = -2*p(j) + 3*t(j). Give x(-6).
6
Let g(p) = -p**2 + p - 1. Suppose -667*n + 2 = -669*n. What is g(n)?
-3
Let s(x) = -8*x + 12. Let m be s(4). Suppose 3*g = 3*i - 60, -85 = 5*g - 2*i + 27. Let c = g - m. Let d(j) = -2*j. Give d(c).
8
Let b(q) = q**3 - 7*q**2 - q + 4. Let d = 437 + -430. Determine b(d).
-3
Let y be 5 - (10 + -4) - -3. Let l(t) = -3*t**2 + 4*t - 9. Let w(o) = -o**2 + o - 4. Let u(q) = y*l(q) - 5*w(q). Calculate u(-2).
-8
Let w be -3*(4 - 40/24*1). Let z(j) = -j**3 - 9*j**2 - 15*j - 4. What is z(w)?
3
Suppose 154*r - 305*r = -112*r - 117. Let s(k) = -2*k**2 - 2*k + 13. Determine s(r).
-11
Let x be (2/(-5))/(3/(-30)). Let f(q) be the first derivative of q**3/3 - 5*q**2/2 + 10*q - 102653. Calculate f(x).
6
Let d(r) be the third derivative of 11/6*r**3 + 44*r**2 + 0*r - 1/120*r**5 - 1/3*r**4 + 0. Let b(c) be the first derivative of d(c). Give b(-7).
-1
Let n be -2 + 18/10 - 162/(-135). Let p(r) = -42*r**2 + 5*r + 5. Let v(k) = -1407*k**2 + 168*k + 168. Let q(w) = -168*p(w) + 5*v(w). Determine q(n).
21
Suppose -5*i + 6*j - 3*j = 5, -4*i + 5*j - 17 = 0. Let d(w) be the first derivative of 2*w**2 - i - 1/3*w**3 + 0*w. Calculate d(5).
-5
Let i(x) = x + 36. Let a = 3352 - 3354. Let m(c) = -9. Let j be (-86)/10 - (-2)/(-5). Let t(d) = a*i(d) + j*m(d). Determine t(6).
-3
Suppose 0*u + 3*u + 6 = 4*f, -5*f + 19 = 2*u. Let x(t) = -2 - 114*t**3 + 115*t**f + 4*t**2 - 5*t + 0*t. Determine x(-5).
-2
Let l(k) = -8*k**3 + 2*k - 1. Let j(o) = 5*o**3 - 11 - 9*o**3 - 10*o**2 + 3*o**3 + 3*o + 7*o. Let b be j(-11). Let a be b/(5/(20/(-8))) + 1. Give l(a).
-7
Suppose 2*n + 1590 = 1598. Let m(i) = i**3 - 5*i**2 + 13*i - 26. Calculate m(n).
10
Let r(t) = -24*t - t + 44*t**2 - 32*t**3 - 68*t**2 + 1 + 33*t**3. Give r(25).
1
Let p(g) = g. Let w(j) = 5*j - 15. Let c(o) = 2*o - 36. Let r(i) = -i + 18. Let l(x) = -4*c(x) - 9*r(x). Let f be l(22). Let m be w(f). What is p(m)?
5
Let m be 2/7*(21 + (-32 - -18)) + 5. Let y(j) = -68*j + 473. Give y(m).
-3
Suppose 3*b - 558 = c, -4*b + 1149 = -2*c - 9*b. Let s = 566 + c. Let g(m) = 9*m + 1. What is g(s)?
-8
Let f(z) be the first derivative of -z**4/4 - 2*z**3/3 - 4*z**2 - 6*z + 909. Give f(-1).
1
Let s(c) be the first derivative of -2*c - 7*c + 3839 - 3748 - c**2. What is s(-7)?
5
Let i(f) be the first derivative of -f**3 + 2*f**2 - 3*f + 77. Suppose 0 = -4*m + 1 + 11. Calculate i(m).
-18
Let z(i) be the second derivative of -i**4/12 + 11*i**3/6 + 5*i**2/2 + 11*i - 14. Suppose 14*v = 12*v - 2. Let x be -1*(0 - -11)/v. Determine z(x).
5
Let n(g) = -2*g + 21. Let y(d) = 5*d + 47. Let a(t) = n(t) - y(t). What is a(-12)?
58
Let b(r) = 5*r**2 - 11*r + 2. Let t(d) = 381*d + 3052. Let f be t(-8). Determine b(f).
38
Let b(d) be the first derivative of 3*d**2 - 176*d + 11147. Calculate b(26).
-20
Let w(v) = v**2 - 1. Let j(i) be the second derivative of -5*i + 5/6*i**3 - 1/2*i**4 + 0 + 9/2*i**2. Let x(q) = -j(q) - 5*w(q). Calculate x(3).
-10
Suppose 280 = 18*t - 11*t. Suppose -196 = 12*m - t. Let w(c) = c**2 + 14*c - 13. Calculate w(m).
-26
Let k(w) = w**3 + 8*w**2 - 8*w + 11. Let t = -98 - -98. Suppose t = 14*b - 34*b - 180. Calculate k(b).
2
Let g(b) be the third derivative of -b**4/6 - b**3 + 4*b**2. Let f(u) = 10*u - u**2 - 15*u - 14 + 12*u. Let v be f(5). Determine g(v).
10
Let k(m) = -350*m - 2811. Let o be k(-8). Let q(n) = -n - 15. Determine q(o).
-4
Let h(o) = -372 + 3*o + 3*o + 362 + 0*o - 5*o. Give h(9).
-1
Let l(h) = h - 22*h**3 + 349 - 2*h + 343 - 692. Suppose -5 - 10 = 3*g, -5*g - 22 = -3*p. Give l(p).
23
Let u(o) = 7*o**3 - 7*o**2 + 12*o + 84. Let p(x) = -3*x**3 + 3*x**2 - 5*x - 42. Let n(g) = 5*p(g) + 2*u(g). Let c = 716 + -716. What is n(c)?
-42
Let w(p) be the third derivative of 0*p**3 - 1/120*p**6 + 3*p**2 - 6*p + 1/4*p**4 + 0 - 1/20*p**5. Calculate w(-5).
20
Let c(h) = -29. Let r(m) = 3*m + 150. Let j(d) = 5*c(d) + r(d). Determine j(0).
5
Let v(f) = 32*f - 3. Let i be ((3564/(-154))/(-27))/(1*(-3)/14). Calculate v(i).
-131
Let a(g) = 8 + 2*g**3 - g**3 - 3766*g**2 + 3775*g**2. Suppose -10*f + 14*f + 36 = 0. What is a(f)?
8
Let x(w) = 7*w + 13. Let p(t) = -17*t - 24. Let g = 421 + -416. Let i(j) = g*x(j) + 2*p(j). Give i(-16).
1
Let y be 23/345*435 - 27. Let p(g) = 46*g**2 - 6*g + 10. Let h(t) = 9*t**2 - t + 2. Let n(a) = -11*h(a) + 2*p(a). Determine n(y).
-32
Let m(s) be the second derivative of -s**4/6 - 7*s**3/6 - s**2 + 1107*s. Calculate m(-3).
1
Let z(q) = -q + 2. Let p(l) = l**3 - 3*l**2 - 3*l - 7. Suppose 0 = h - 0*y + 3*y - 4, h - 4 = 2*y. Let i be p(h). Calculate z(i).
5
Let u(x) = x**2 - 6*x + 12. Let j be u(5). Suppose 504 = -0*w - j*w. Let i = -67 - w. Let z(c) = -c**2 + 7*c - 7. Determine z(i).
3
Suppose 4*v + 6 = 3*z, -5*v - 6 + 0 = -3*z. Let g(u) = -2*u - 1 + 4*u + v*u - u + 14*u**3. Let t be (-27)/(-33) + (-14)/(-77). What is g(t)?
14
Let o(k) = 7*k**3 - k**2 - k + 1. Suppose 0 = 3*a + 3*w - 78, -5*w + 10*w = 3*a - 62. Suppose -a*b + 50*b - 26 = 0. Calculate